152578?
2
What is the hundreds digit of 2760393?
3
What is the units digit of 273872?
2
What is the hundred thousands digit of 138119?
1
What is the units digit of 377709?
9
What is the thousands digit of 3117565?
7
What is the thousands digit of 3503431?
3
What is the tens digit of 168864?
6
What is the hundred thousands digit of 864964?
8
What is the ten thousands digit of 542406?
4
What is the millions digit of 28313842?
8
What is the millions digit of 6990171?
6
What is the millions digit of 9268214?
9
What is the tens digit of 3086516?
1
What is the hundred thousands digit of 1029432?
0
What is the units digit of 299253?
3
What is the tens digit of 525717?
1
What is the thousands digit of 6356?
6
What is the hundreds digit of 15537?
5
What is the units digit of 355946?
6
What is the ten thousands digit of 198171?
9
What is the ten thousands digit of 32625?
3
What is the tens digit of 30578829?
2
What is the hundred thousands digit of 1123969?
1
What is the hundreds digit of 9929324?
3
What is the tens digit of 3584676?
7
What is the millions digit of 11069276?
1
What is the millions digit of 5429138?
5
What is the tens digit of 148473?
7
What is the ten thousands digit of 10850193?
5
What is the units digit of 2381304?
4
What is the hundreds digit of 18783500?
5
What is the tens digit of 392739?
3
What is the ten thousands digit of 8417082?
1
What is the ten thousands digit of 4361332?
6
What is the hundred thousands digit of 2927302?
9
What is the thousands digit of 316775?
6
What is the tens digit of 3736505?
0
What is the tens digit of 1324339?
3
What is the units digit of 258681?
1
What is the thousands digit of 3145722?
5
What is the hundreds digit of 150439?
4
What is the tens digit of 165064?
6
What is the ten thousands digit of 370528?
7
What is the thousands digit of 6174721?
4
What is the hundreds digit of 512921?
9
What is the units digit of 1810254?
4
What is the hundred thousands digit of 461053?
4
What is the hundred thousands digit of 156982?
1
What is the ten thousands digit of 241972?
4
What is the units digit of 1966596?
6
What is the units digit of 93052?
2
What is the hundreds digit of 51492?
4
What is the hundred thousands digit of 168666?
1
What is the hundreds digit of 262692?
6
What is the hundred thousands digit of 17166410?
1
What is the tens digit of 125797?
9
What is the ten thousands digit of 11632?
1
What is the millions digit of 1943821?
1
What is the hundred thousands digit of 1360274?
3
What is the hundreds digit of 55288?
2
What is the units digit of 9582438?
8
What is the ten thousands digit of 3073453?
7
What is the units digit of 4340729?
9
What is the ten thousands digit of 268180?
6
What is the ten thousands digit of 6979900?
7
What is the ten thousands digit of 196864?
9
What is the hundred thousands digit of 21017096?
0
What is the hundred thousands digit of 671456?
6
What is the ten thousands digit of 468459?
6
What is the tens digit of 297388?
8
What is the ten thousands digit of 284529?
8
What is the hundred thousands digit of 806585?
8
What is the ten thousands digit of 1102691?
0
What is the tens digit of 9835230?
3
What is the tens digit of 2437610?
1
What is the hundreds digit of 215085?
0
What is the hundreds digit of 1203753?
7
What is the ten thousands digit of 28445650?
4
What is the hundreds digit of 19515?
5
What is the hundreds digit of 2190351?
3
What is the hundred thousands digit of 500446?
5
What is the hundreds digit of 15101617?
6
What is the hundreds digit of 397659?
6
What is the hundreds digit of 20148205?
2
What is the hundreds digit of 174670?
6
What is the ten thousands digit of 384931?
8
What is the tens digit of 96401?
0
What is the hundred thousands digit of 1324787?
3
What is the ten millions digit of 15444222?
1
What is the millions digit of 1079644?
1
What is the hundred thousands digit of 1529000?
5
What is the units digit of 256055?
5
What is the hundreds digit of 1735837?
8
What is the hundreds digit of 903040?
0
What is the hundreds digit of 777986?
9
What is the hundreds digit of 6396187?
1
What is the tens digit of 5791773?
7
What is the hundred thousands digit of 4862506?
8
What is the ten millions digit of 11860161?
1
What is the hundreds digit of 957256?
2
What is the hundreds digit of 28230492?
4
What is the units digit of 696082?
2
What is the thousands digit of 21851796?
1
What is the hundred thousands digit of 2019455?
0
What is the hundreds digit of 565728?
7
What is the ten thousands digit of 410872?
1
What is the units digit of 296780?
0
What is the tens digit of 972965?
6
What is the ten thousands digit of 20408392?
0
What is the hundreds digit of 343720?
7
What is the ten thousands digit of 3911567?
1
What is the units digit of 2254385?
5
What is the ten thousands digit of 96531?
9
What is the ten thousands digit of 1881431?
8
What is the ten thousands digit of 935248?
3
What is the units digit of 2324804?
4
What is the hundred thousands digit of 23086098?
0
What is the ten thousands digit of 362715?
6
What is the ten thousands digit of 259322?
5
What is the hundred thousands digit of 502914?
5
What is the tens digit of 3579485?
8
What is the ten thousands digit of 6793265?
9
What is the hundreds digit of 10272256?
2
What is the hundred thousands digit of 4657794?
6
What is the hundreds digit of 7450?
4
What is the ten thousands digit of 3908146?
0
What is the ten thousands digit of 45028?
4
What is the millions digit of 10334419?
0
What is the hundreds digit of 3267648?
6
What is the tens digit of 10460626?
2
What is the hundreds digit of 526839?
8
What is the hundreds digit of 37915114?
1
What is the hundred thousands digit of 3758754?
7
What is the thousands digit of 341545?
1
What is the units digit of 352477?
7
What is the hundred thousands digit of 3104228?
1
What is the millions digit of 9874889?
9
What is the ten thousands digit of 3537728?
3
What is the thousands digit of 3036801?
6
What is the tens digit of 2646146?
4
What is the hundreds digit of 3700887?
8
What is the thousands digit of 1145352?
5
What is the thousands digit of 132163?
2
What is the millions digit of 8374939?
8
What is the hundred thousands digit of 15104042?
1
What is the thousands digit of 3402304?
2
What is the ten thousands digit of 110968?
1
What is the hundreds digit of 409972?
9
What is the hundred thousands digit of 32425493?
4
What is the tens digit of 1467973?
7
What is the tens digit of 44087?
8
What is the thousands digit of 94254?
4
What is the ten millions digit of 11240447?
1
What is the millions digit of 5204864?
5
What is the units digit of 14569440?
0
What is the hundred thousands digit of 4818720?
8
What is the hundreds digit of 108501?
5
What is the hundred thousands digit of 10960852?
9
What is the units digit of 105029?
9
What is the tens digit of 67439?
3
What is the hundreds digit of 5798304?
3
What is the hundreds digit of 123586?
5
What is the millions digit of 14193088?
4
What is the ten thousands digit of 1343303?
4
What is the tens digit of 189000?
0
What is the units digit of 1140849?
9
What is the hundreds digit of 8111?
1
What is the hundreds digit of 2062621?
6
What is the millions digit of 5578386?
5
What is the millions digit of 29436292?
9
What is the millions digit of 3278637?
3
What is the ten thousands digit of 251817?
5
What is the hundred thousands digit of 2599095?
5
What is the tens digit of 873260?
6
What is the hundreds digit of 31426622?
6
What is the hundred thousands digit of 494029?
4
What is the thousands digit of 8806?
8
What is the thousands digit of 9858?
9
What is the tens digit of 492553?
5
What is the thousands digit of 6170784?
0
What is the ten millions digit of 15534409?
1
What is the ten thousands digit of 85444?
8
What is the hundred thousands digit of 37617375?
6
What is the units digit of 16020?
0
What is the thousands digit of 22801075?
1
What is the thousands digit of 682374?
2
What is the hundreds digit of 12463031?
0
What is the hundreds digit of 1317617?
6
What is the ten thousands digit of 422002?
2
What is the millions digit of 5054054?
5
What is the millions digit of 1581510?
1
What is the tens digit of 3203950?
5
What is the tens digit of 632180?
8
What is the units digit of 10696704?
4
What is 